Let i = 1089266 + -470735. Is i composite?
True
Let o = -112311 - -195622. Suppose 153707 = 6*x - o. Is x prime?
True
Suppose 83*c = 76*c - 784. Is (-320000)/c + 2/(-14) composite?
False
Let s be (56/(-6))/(9 + 200/(-24)). Is (66/3)/1*(-12607)/s composite?
True
Is 15/4*5/((-60)/(-355024)) a prime number?
False
Let z be 1 - (-9)/(-15) - 390/(-25). Let v(f) = f - 19. Let k be v(z). Is (-1246 + k)*(-7 + 6) composite?
False
Let a = -5 - -9. Suppose -2*b + 0*b = -a. Suppose 0 = -b*v + 39 + 85. Is v prime?
False
Let z be ((-6 + 2)/4)/(-1). Let r be z + 425/(-10)*-16. Suppose 6995 = 5*p - 3*a, 2*p = 3*a + r + 2117. Is p composite?
False
Let n(a) = 2045*a**2 + 52*a + 439. Is n(-8) a composite number?
True
Let z(g) be the third derivative of 2*g**5/5 + 7*g**4/8 + 25*g**3/3 + g**2 - 13*g. Let d = -16 + 5. Is z(d) a prime number?
False
Let a = -309 + -828. Let b = a - -2038. Is b prime?
False
Let s(u) = 1516*u**3 - 5*u**2 - u - 9. Let p be 18/8 + 5/(-20). Let h(n) = 758*n**3 - 2*n**2 - n - 4. Let t(q) = p*s(q) - 5*h(q). Is t(-1) a composite number?
False
Suppose -51*g + 17535 = -30*g. Let y = -5 + 8. Is g + y - (-7 - -4) composite?
True
Is (9 + 66567/(-9) - 4)/((-2)/21) composite?
True
Suppose 0 = 19*a - 39 + 191. Is 255 + (-2)/(-4)*a a composite number?
False
Is ((-314829)/18)/(-1 + 6 + (-11)/2) composite?
False
Let s(g) = -28*g - 76. Let l be s(-3). Suppose 586 = -6*v + l*v - 2*w, 2*v - 3*w - 588 = 0. Is v composite?
True
Let g(w) = 70*w**2 - 4*w + 2. Let b(a) = -a**2 - 1. Let x(y) = 4*b(y) + g(y). Suppose f - 12*f + 22 = 0. Is x(f) composite?
True
Suppose -2*u + 12 = 4*m, 8*u - 13*u - 2*m - 2 = 0. Let t be -1*(-5 - u - (-1 + 4737)). Let l = 1856 + t. Is l prime?
False
Suppose -v - 5*z + 6381 = 0, 2*z = 2*v - 11167 - 1655. Suppose -v = -2*x - 3*c, 5*x - 13577 - 2438 = 5*c. Is x prime?
True
Let g be 0 - (-1)/(-6 + 98/16). Suppose -4*l = -5*r + 80, -5*r = -2*l - 17 - 73. Suppose -j + g*d = 7*d - 48, -4*d + r = 0. Is j a prime number?
True
Let v = -74 + 77. Suppose -d - 41 = n + 4*n, -d - v*n = 51. Let s = d + 277. Is s a prime number?
True
Let f(h) = -367*h**2 - 2*h - 1. Let y be f(-1). Let a be y/16 - 13/104. Is (-32 - -3)*a - 0 a composite number?
True
Let u = -273 + 429. Suppose -u*l + 9688 = -148*l. Is l composite?
True
Let i be 0*4/20*1. Suppose -y + 3 = -1, -3*l + y + 5 = i. Is 6*(l - 2935/(-10)) a composite number?
True
Suppose 0 = -64*v + 56*v + 7104. Suppose -7*h + 2659 = v. Is h composite?
True
Is ((-6 - -2) + 3)*-9511 prime?
True
Suppose -f + 6386 = -4*a, -28711 = -5*f - 3*a + 3265. Suppose 0 = -4*m + 10282 + f. Is m a composite number?
True
Let g(s) = -s**3 + 7*s**2 - 9*s - 9. Let y be g(4). Is (y + 0 + (4090 - 9))/2 a prime number?
False
Let j = 66 + -61. Suppose -10*t = j*t - 6645. Is t prime?
True
Let t = 257 - -189. Let l = -307 + t. Is l a composite number?
False
Suppose -3 = 5*u - b - 7, -2*b = -u + 8. Is (-4)/30 + ((-7628)/(-60) - u) a composite number?
False
Let h(z) = 3*z + 54 - 17 - 11. Let m be h(-8). Suppose -a + 317 = -2*s, a - m*s - 314 = s. Is a composite?
True
Let x = 537244 - 253773. Is x prime?
False
Suppose -6*p = -95159 - 85495. Is p a prime number?
True
Suppose 0 = -633*a + 650*a - 615247. Is a composite?
False
Suppose 7*i - 12*i - 30 = 0. Let z(v) = -51*v**3 - v**2 - 9*v + 1. Let n be z(i). Suppose -m = 4*m - n. Is m composite?
False
Let z(q) = 202232*q + 199. Is z(2) composite?
True
Let u(q) = 1010*q**3 - 28*q**2 - 13*q + 12. Is u(5) a composite number?
False
Let x(l) = l**3 - 19*l**2 + 17*l + 15. Let k be x(18). Is (6683/k)/(1/(-3)) a prime number?
False
Suppose -8*m - 22 = 26. Let n(p) = -32*p**3 - 3*p**2 - 3*p - 17. Is n(m) a composite number?
True
Is 31045 + 0 - (-3)/(-2)*252/189 composite?
True
Suppose 0 = -u + 5, t + 5*u = -4*t + 5. Let a(k) = 54*k**3 - 7*k + 8*k**2 - 3*k**2 - 3*k**2 + 2*k - 7 - 67*k**3. Is a(t) a composite number?
False
Let d(h) = -4*h**2 + 302*h + 118. Is d(48) composite?
True
Suppose 3*r - 5*p = -31, -r + 1 = -4*r - p. Let k be 1*10/(r - -7). Suppose -k*u + 5034 = u. Is u composite?
True
Let c(i) be the first derivative of 57*i**3 - i**2/2 + 3*i - 1. Suppose 0 = 2*l - 10, -1 = 14*s - 11*s + l. Is c(s) a composite number?
True
Is 1319076 - -159 - (1 + -3) a prime number?
False
Let z(y) = y**2 + 5*y - 27. Let n be z(5). Let c = n - 30. Let m(a) = -4*a**3 - 2*a**2 + 10*a + 7. Is m(c) a prime number?
False
Let o = 11193 + 4237. Suppose 33197 = 27*d - o. Is d composite?
False
Suppose 2*k - 11 = -5. Let r(u) = -200 - 20*u**2 + 207 + 2*u + u**k + 0*u. Is r(20) a composite number?
False
Suppose -432*q - h - 17054 = -433*q, 0 = 2*h + 14. Is q a prime number?
True
Let i be (1 + -4)/(-5 + 192/42). Suppose i*o - 6668 = -151. Suppose x - 958 = o. Is x a composite number?
False
Let k be 7187*(7 + 0 - 6). Let h(l) = 607*l**2 + 4*l + 16. Let m be h(7). Suppose k = 14*a - m. Is a composite?
True
Let i(k) = k + 306. Let o be i(0). Let x = 571 + o. Is x composite?
False
Let x = 395 + 1896. Is x composite?
True
Suppose 0 = -3*v - v - 3*o - 1571, -3*v = -4*o + 1147. Suppose -102 - 50 = -n. Let z = n - v. Is z composite?
False
Let x(h) = 3514*h + 48. Let m be x(4). Suppose -m + 4100 = -4*f. Is f composite?
True
Suppose 5*n - 3114 = 3*n. Suppose 3*l - 114 = n. Is l a prime number?
True
Let w(s) = -2*s**2 + 10*s - 9. Let n be w(7). Let r = n + 32. Is r/(-20) - (-1015)/4 a prime number?
False
Let b = -16 - -24. Let h = 129 - b. Is h composite?
True
Is (-3109)/((-9)/45 + (6 - 6)) prime?
False
Let q(w) = 73*w**2 + 18*w + 0*w**2 + 12*w + 17 - 7*w. Is q(-11) a prime number?
True
Suppose -2*y = 3*y - 50. Suppose 6*j = y*j - 1340. Is j prime?
False
Suppose t - 2*m - 37094 - 87311 = 0, 621976 = 5*t - 3*m. Is t a prime number?
False
Let s = 6179 + 40354. Is s prime?
False
Is -2 + 23505 - (-360)/60 a prime number?
True
Let o be 12/(-30) + 246/15. Let u = 837 + o. Is u prime?
True
Let a = 52733 - 35801. Is 1/(-5 + a/3386) prime?
True
Suppose -20*a + 66596 = 17376. Is a composite?
True
Let f = -79312 + -66030. Let w = f + 211103. Is w a prime number?
True
Is (2*1/(-6))/(1223886/(-407961) - -3) composite?
False
Let z = 61620 + 71533. Is z a prime number?
True
Suppose 2*p + 19 = 9. Is ((-30)/20)/((p/5498)/5) a prime number?
False
Let f be -2*(-3 + 4)*(-77)/14. Let n(b) = 765*b + 91. Is n(f) composite?
True
Let z(r) be the second derivative of -401*r**3/6 - 12*r**2 - 81*r. Is z(-23) composite?
False
Let w be (5 - (-77)/(-14))*(-40398)/3. Suppose i - 18210 = w. Is i prime?
True
Let h = -281 + 283. Is (h/6 + 8/12)*16033 a prime number?
True
Let c = 140 - 241. Let k = c - -152. Is k a composite number?
True
Suppose -5*w = 15, 3*f + 0*w - 2*w - 18 = 0. Suppose 467 = 2*z - 3*i, z - f*i - 116 = 130. Suppose 19*l - z = 17*l. Is l composite?
False
Suppose 2*s = -5*j - 22 - 27, -j - 8 = s. Let r(y) = -y**3 - 10*y**2 + 8*y + 36. Is r(j) composite?
True
Suppose 1307*g - 1300*g = 652547. Is g a prime number?
False
Suppose -15*s + 10 = -10*s. Suppose -s*l + 11753 + 16926 = 5*v, 5*v = l + 28688. Is v a composite number?
False
Suppose -258 = -2*g - 4*d, 5*g + 2*d - 633 = -2*d. Suppose g = 4*y - 35. Is 9/(9/2) + y + 1 a prime number?
True
Let q(k) = 47*k**2 - 1560*k - 96. Is q(55) a composite number?
True
Suppose -r - 3*a = -6*r + 15685, 3137 = r + 2*a. Let g = r + -1903. Suppose 3*h - p - 3340 = -g, -2*h = 5*p - 1421. Is h a prime number?
False
Let o(n) = 5*n**3 - 3*n**2 + 2*n - 2. Let p be o(2). Let j be (-2 + 7)*(-296)/(-5). Suppose -j = 26*r - p*r. Is r composite?
True
Let j(q) = -800*q + 18. Let n be (-1)/4*4*1. Is j(n) a prime number?
False
Suppose 2*i - s - 362321 = 0, -i + 181153 = -2*s - 0*s. Is i a prime number?
False
Let t(l) = 8*l**2 + 6*l - 18 - 9*l**2 + 3*l. Let w be t(6). Suppose 4*n - 725 - 903 = w. Is n a prime number?
False
Suppose 4*b + 2*y = 107302, 5*b + 2*y - 134125 = -0*y. Suppose 3*i - 21468 = -i + 4*w, -5*i + w = -b. Is i/4*(-1)/(-3) a prime number?
False
Let w(c) = c**3 - 5*c + 4414. Suppose -38*g + 6*g + g = 0. Is w(g) a prime number?
False
Let r be (5240/6)/(38/57). Suppose 4*j + 4*l - 50880 = 0, 4*l + r = -2*j + 26754. Is j a prime number?
False
Let t(i) = 1471*i + 13328. Is t(69) a prime number?
True
Let v(c) = c**3 - c**2 + 5*c + 50. Let d be v(0). Is (281330/d)/(1/5) a prime number?
False
Suppose -3*r - 5*s = -1